 - 13*y. Determine i(s).
-15
Let k(d) be the first derivative of -4*d**2 - 7/3*d**3 - d - 1/4*d**4 - 67. Determine k(-6).
11
Let p be (-7 - -10) + 20 + -6. Suppose 7 = 6*v - p. Let k(a) = -a**2 - 6*a + 6. What is k(v)?
-34
Let d(i) = -1. Let j(k) = -k + 6. Let s(z) = -d(z) - j(z). Let m be 1 + 18/(-24) - (-15)/4. Suppose 5*v - m*p - 7 + 27 = 0, -2*v - 8 = p. Give s(v).
-9
Let f(b) = -b**3 - 9*b**2 + 2*b - 2. Suppose -5*h + 62*h + 162 = -351. What is f(h)?
-20
Let q(x) = x**2 + 8*x - 4. Let h(o) = 15*o - 5. Let t be h(3). Suppose 2*g - t = i, 0 = -4*g - 2*i + 99 - 11. Suppose u + g - 15 = 0. Give q(u).
-16
Suppose -92*q + 146 + 38 = 0. Let f(b) be the third derivative of 0*b + 0*b**5 + 0*b**3 + 20*b**q + 0 - 1/24*b**4 + 7/60*b**6. Determine f(-1).
-13
Let l(z) = -45*z**3 - 2*z**2 - z - 4. Let y(h) = -223*h**3 - 11*h**2 - 6*h - 23. Let n(p) = -11*l(p) + 2*y(p). Calculate n(-1).
-50
Let g(x) = -19*x**2 + x + 17. Let b(z) = -85*z**2 + 4*z + 69. Let i(q) = 2*b(q) - 9*g(q). Determine i(5).
5
Let f(t) = 7*t - 64. Let m(s) = 2*s**3 - 4*s**2 - 72*s - 1. Let n be m(-5). Give f(n).
-1
Suppose 0 = 6*v - 34 - 27 - 77. Let g(p) = p**2 - 23*p + 18. Calculate g(v).
18
Let n(p) = 3*p**2 + 68*p + 33. Let i be n(-23). Let z be 57/12 + -2 + 14/i. Let w(m) = m - 1. Let a(h) = -5*h + 3. Let g(s) = a(s) + 6*w(s). Calculate g(z).
0
Suppose r + 95 = 3*t, 2*r + 3*t + 223 - 60 = 0. Let l = 88 + r. Let u(h) = -4*h - h**3 + 23*h**l + 25*h**2 + 3 - 45*h**2. Calculate u(2).
-1
Let h(g) be the first derivative of -5/2*g**2 + 69 - 1/4*g**4 + 2*g**3 + 6*g. Calculate h(5).
6
Let u(v) = -5*v + 0*v**2 - 2*v**2 + 30892 - 30854. What is u(-7)?
-25
Let q(w) = 29*w + 636 - 157 + 252 + 280 + 1. Determine q(-35).
-3
Suppose -5*x + 42 = -3*x. Let w(v) = 18*v + 1 - 41*v + x*v - 9*v**2. Suppose -8*d + 11 + 2 = 5. Determine w(d).
-10
Suppose x = -3*q + 4*x + 15, -2*q + 7 = -x. Let i be 4/(-14) - (-7 - (-198)/42). Let s(z) = 5*z - 201*z**2 + 0 - 2 + 200*z**i. Determine s(q).
4
Let s(o) = 10*o**3 + 20*o**2 + 47*o + 9. Let p(y) = -3*y**3 - 7*y**2 - 16*y - 3. Let b(i) = -7*p(i) - 2*s(i). Let h be b(-5). Let t(q) = q - 14. Determine t(h).
-1
Let b(c) = 15*c - 22. Suppose 17*z = -818 + 852. Give b(z).
8
Let i(y) = -8*y - 43. Suppose -104*c + 30 = -109*c + 2*z, z - 19 = 3*c. What is i(c)?
21
Let a(j) = -j - 1. Let k(w) = -3*w**3 - 2*w**2 + 7. Suppose -11 + 2 = 3*q. Let u be k(q). Let x be 11/(-5) + 14/u. Calculate a(x).
1
Suppose -2*z + 6*z = 32. Let o(b) = -1 + 5*b**3 + 13*b + 3*b**2 - 16*b**2 - b. Let q(x) = x**3 - x**2 + x + 1. Let y(r) = -o(r) + 4*q(r). Determine y(z).
5
Let u(l) = l - 7. Suppose -4*g - 2*v - 2 = 0, -4*g - v + 4 = -5*v. Suppose -2*p = 2*s - 24, 2*s + 5*p + g*p - 39 = 0. Give u(s).
0
Let h be 12/10 + (1 - (-444)/30). Let p(a) = 3*a - 85. Determine p(h).
-34
Suppose 4*n - 5*x - 35 = 0, n + 2*n - 5*x = 30. Let q(c) be the first derivative of -c**4/4 + 5*c**3/3 + c**2 + 4*c + 1194. Give q(n).
14
Let y(u) be the third derivative of 0 + 1/12*u**4 + 5/2*u**3 + 0*u + 1/120*u**6 - 5*u**2 - 1/120*u**5. Let i(k) be the first derivative of y(k). What is i(2)?
12
Let c = -20 - -59. Suppose c - 29 = 5*k. Let j(o) = -3*o**2 - 79*o - 1 + 78*o - 3*o**k. Determine j(-2).
-23
Let j(h) = -2*h**2 - 16*h - 13. Let g be 4 + -2*4 + 2. Let u be (-43)/6 + g/(-12). Let k be j(u). Let i(x) = 5*x. Give i(k).
5
Let a(c) = -c**2 - 16*c + 65. Let f be a(-17). Let t be 0 + (-2 + 1)/(24/f). Let w(g) = g**3 + g**2 + 2*g + 1. Give w(t).
-7
Let w(q) = -q**2 + 1. Let h(u) = -5*u**2 + 2*u + 5. Let x(v) = h(v) - 4*w(v). Let r = 513 - 510. Let a(s) = s**2 + s - 10. Let y be a(r). What is x(y)?
1
Suppose -27*s - 140 = -59. Let f(m) be the first derivative of -m**2 + m - 7. What is f(s)?
7
Let u(k) be the first derivative of 3 - 3 - 1 - 5*k**2. Suppose 5*t = -5*i - 55, 2*i - 4*t = 6 + 32. Calculate u(i).
10
Suppose -4*x - 1056 = -26*x. Let v(q) = -98 + x - 3*q + 39. Determine v(-11).
22
Let p be -5 - (2 + -2 - 17). Let u(k) = -p + 2*k - 18 + 20. Calculate u(-9).
-28
Let v(r) = r**2 - 9*r + 1. Suppose -6*p = -4*j - p + 90, -p = 2. Let x(y) = -3*y + 68. Let n be x(j). Give v(n).
-7
Let g(z) = -25*z**2 - 26*z + 65. Let j(k) = 56*k**2 + 56*k - 131. Let r(m) = -9*g(m) - 4*j(m). Calculate r(-15).
14
Let w be (2 - 0)*2/((-4)/(-643)). Let h(b) = -2*b**3 - b + 8*b**2 + b**3 + 641 + w - 1279. Calculate h(8).
-3
Suppose 23 - 15 = 2*a, -3*o - a + 4 = 0. Let v(g) = g**3 - g**2 + g + 11. Determine v(o).
11
Let j(i) = 18117*i**2 - 28*i - 9058*i**2 - 9 - 9062*i**2. Calculate j(-8).
23
Let z(g) = -2*g**3 + 20*g**2 - 9*g - 7. Let v(p) = -p**3 + 9*p**2 - 5*p - 3. Let x be 3/(-2)*(3 - (-190)/(-30)). Let b(s) = x*v(s) - 2*z(s). Determine b(3).
-4
Let o(r) = -2*r + 1. Let a(x) = -5*x**2 + 46 + 47 + 44 + 4*x - 139. Let b(m) = -a(m) - o(m). What is b(2)?
17
Let n be 24/2*7/21. Suppose -4*l - 3*v - 32 = 0, -n*l + 5*v = -0*l. Let b = 0 - l. Let g(f) = f**3 - 7*f**2 + 5*f. Determine g(b).
-25
Let r(q) = -2*q**3 + 23*q**2 - 10*q - 7. Suppose 2*n - 17 = 5. Let h be r(n). Let t(g) = -2*g**2 + 6*g + 5. What is t(h)?
-3
Let t(f) = 44*f**2 - 5*f - 6. Let k(o) = 158*o**2 - 18*o - 22. Let d(y) = 5*k(y) - 18*t(y). Determine d(2).
-10
Let t(a) = 2*a**3 - 4*a**2 + 2*a + 2. Suppose 2*g + 2*j + 4 = -2*j, -2*g - 6 = 2*j. Let s be 155/105*33 - g/14. Let r = s - 47. Calculate t(r).
6
Suppose 3*x - 12 = 2*z + 2*x, 4 = 4*z + 5*x. Let j be 4/z*(10 - 0). Let a(m) be the third derivative of -m**4/24 - 2*m**3 - 18*m**2. What is a(j)?
-2
Let v(c) = c + 1. Suppose 5*f + 3*w - 44 = 5*w, 0 = 3*f + w - 22. Suppose 5*o = 2*p + 1, f*p + 8 = 7*p + 5*o. Give v(p).
8
Let k(t) = -t**2 + 12*t - 7. Let i(r) = r**2 - 3*r + 10. Let h be 0 - (4 - 7 - -3). Let o be i(h). Determine k(o).
13
Suppose -6*z - 33 = -2*d + 71, -50 = z - 5*d. Let r(k) = k**2 + 14*k - 18. Give r(z).
-3
Let p(w) be the first derivative of -w**4/4 - 5*w**3/3 + w**2/2 + 10*w + 6610. Give p(-3).
-11
Suppose 3*z - 408 = -387, 2*h - 87 = -5*z. Let p(d) = 23*d - 592. Determine p(h).
6
Let l(p) = -92 + 50 - p + 2*p + 45. Let j(z) = -2*z - 10. Let t(d) = 6*j(d) + 21*l(d). Determine t(-2).
-15
Let m(f) = -f + 7. Let r = 139 + -136. Suppose r*d = -2*l + 18, -d = l + 2 - 10. Determine m(l).
1
Let u(f) = 4*f + 2. Let s(c) = -c**2 + 18*c - 47. Let j(g) = s(g) - 5*u(g). Give j(0).
-57
Let c(g) = 3*g**2 - 1337*g**3 + 6 + 670*g**3 - 5*g + 666*g**3. Give c(3).
-9
Let z(q) = -2*q - 19 - 5*q**2 + 3*q + 14. What is z(0)?
-5
Let k(u) be the first derivative of 51 - 1/4*u**4 + 1/2*u**2 + 0*u**3 - 22*u. Let s be (1 - -1) + -4 - -2. Determine k(s).
-22
Let i(o) = -20*o - 43. Let z(b) = b - 12. Let n(g) = i(g) - 4*z(g). What is n(2)?
-43
Let j be ((-19)/4 - -2) + 2 - (-2945)/620. Let c(g) be the third derivative of g**6/120 - g**5/12 - g**4/12 + 5*g**3/6 + 2*g**2. What is c(j)?
-19
Let l(v) = -2*v**3 - 4*v**2 + 158*v - 33. Let g be l(-10). Let p(n) = n**3 + 15*n**2 + 23*n - 39. Determine p(g).
0
Let b(u) = u. Let d = -316 - -321. Let x(q) = 4*q - 12. Let v(s) = d*b(s) - x(s). Calculate v(-6).
6
Suppose 4*v + c - 36 = 0, c + 4 = 3*v - 16. Let u(s) be the second derivative of s**3/6 - s**2 + 17*s. Let z be u(v). Let g(q) = q**2 - 9*q + 1. Give g(z).
-17
Let c(q) = -392 - 2*q + 831 - 413. Calculate c(21).
-16
Let v = -5 - -7. Let s(o) = -21227*o + 42472*o - 21239*o + 2. What is s(v)?
14
Let z = -268 - -281. Let j(d) = -4 + 0*d + 7*d + 5*d - z*d. Suppose -5*f = -20, 3*y + 0*f - 2*f + 20 = 0. What is j(y)?
0
Let d(r) = r**3 + 4*r**2 - 5*r - 2. Suppose -5*l + 175 - 145 = 0. Let z(u) = -2*u + 8. Let q be z(l). Determine d(q).
18
Let t(m) = 14 - 25 - 5 + 5*m - 27. What is t(-8)?
-83
Let h = -149485 + 149494. Let l(q) be the second derivative of -q**3/6 + 13*q**2/2 + q. Calculate l(h).
4
Suppose 0 = 4*j + 3*d - 25, 117 - 152 = -3*j + d. Let u(m) = -m + 8. Determine u(j).
-2
Let y(d) = 21*d + 15. Let z(s) = -9*s - 6. Let q(l) = -5*y(l) - 12*z(l). Let p = -108 + 108. What is q(p)?
-3
Let l(m) = -3*m**2 - 13*m. Let s be l(-4). Suppose 29*u = 30*u + 5*h + 1, s*h + 53 = 5*u. Let v(a) = -a - 4. Give v(u).
-13
Let t be ((-9)/2)/(3/6). Let k(a) = -14*a + 3 - 11*a - 11*a - 7*a + a**2 + 53*a. Give k(t).
-6
Suppose -2*m = -4*m + 126. Suppose 34 + 587 = 9*k. Let f = k - m. Let l(i) = i**2 - 5*i + 3. Calculate l(f).
9
Let o(x) = 17*x - 2. Suppose 0 =